{"id":60,"date":"2024-01-30T12:21:21","date_gmt":"2024-01-30T11:21:21","guid":{"rendered":"https:\/\/campoelcortijo.com\/?page_id=60"},"modified":"2025-10-30T17:44:10","modified_gmt":"2025-10-30T16:44:10","slug":"contacto","status":"publish","type":"page","link":"https:\/\/campoelcortijo.com\/index.php\/contacto\/","title":{"rendered":"Contacto"},"content":{"rendered":"\n<div style=\"height:20px\" aria-hidden=\"true\" class=\"wp-block-spacer\"><\/div>\n\n\n\n<h4 class=\"wp-block-heading has-text-align-center has-text-color has-link-color wp-elements-8cd3807625be58fe5b52f64fdc2f25f7\" style=\"color:#d6d754\"><strong>\u00a1Hablemos y hagamos magia juntos!<\/strong><\/h4>\n\n\n\n<p style=\"font-size:20px\">\u00bfTienes en mente un evento incre\u00edble? \u00bfTienes una pregunta, duda, sugerencia?&nbsp; \u00a1Queremos escucharte! Cu\u00e9ntanos tus ideas y d\u00e9janos ser c\u00f3mplices de tu evento para ponernos manos a la obra y convertirlas en realidad.<\/p>\n\n\n\n<p style=\"font-size:20px\">\u00a0\u00a1Escr\u00edbenos a <a href=\"mailto:info@campoelcortijo.com\">info@campoelcortijo.com<\/a> o llamanos al <a href=\"tel:34610314801\" title=\"\">610 31 48 01<\/a> y nos pondremos en contacto contigo lo antes posible!<\/p>\n\n\n\n<p><strong>O si lo prefieres, encu\u00e9ntranos aqu\u00ed:<\/strong><\/p>\n\n\n\n<ul class=\"wp-block-list\">\n<li style=\"font-size:20px\">Estamos al sur de Madrid, muy cerquita, junto Torrej\u00f3n de la Calzada, al pie de la salida 28 de la autov\u00eda A-42. Ven a jugar con nosotros a tan solo 20 minutos de Madrid o 30 minutos de Toledo.<\/li>\n<\/ul>\n\n\n\n<div style=\"height:100px\" aria-hidden=\"true\" class=\"wp-block-spacer\"><\/div>\n\n\n\n<h4 class=\"wp-block-heading has-text-align-center has-text-color has-link-color wp-elements-bcfc01942c8927787f15d68de5414dc6\" style=\"color:#d6d754\"><strong>Horario de atenci\u00f3n<\/strong><\/h4>\n\n\n\n<p style=\"font-size:20px\">Cada evento es \u00fanico, por eso adaptamos nuestro horario a tus necesidades. \u00a1Llueva, nieve, Navidad o cualquier festividad, SIEMPRE estamos abiertos!<\/p>\n\n\n\n<ul class=\"wp-block-list\">\n<li style=\"font-size:20px\">Disponibilidad de Horario: 365 d\u00edas las 24H. Hacemos tu evento, \u00a1cuando desees!<\/li>\n\n\n\n<li style=\"font-size:20px\">Horario apertura al p\u00fablico: 60 minutos antes del inicio en eventos p\u00fablicos, 20 minutos antes del inicio en eventos privados.<\/li>\n\n\n\n<li style=\"font-size:20px\">Horario de oficina: Lunes a Viernes de 10:00 a 17:00H<\/li>\n<\/ul>\n\n\n\n<div style=\"height:50px\" aria-hidden=\"true\" class=\"wp-block-spacer\"><\/div>\n\n\n\n<div class=\"wp-block-cover alignfull has-parallax\" style=\"min-height:200px;aspect-ratio:unset;\"><span aria-hidden=\"true\" class=\"wp-block-cover__background has-background-dim-40 has-background-dim\" style=\"background-color:#000000\"><\/span><div class=\"wp-block-cover__image-background wp-image-410 has-parallax\" style=\"background-position:50% 50%;background-image:url(http:\/\/campoelcortijo.com\/wp-content\/uploads\/2024\/09\/JRJ02452.jpg)\"><\/div><div class=\"wp-block-cover__inner-container is-layout-flow wp-block-cover-is-layout-flow\"><div class=\"wp-block-image\">\n<figure class=\"aligncenter size-medium is-resized\"><img decoding=\"async\" width=\"300\" height=\"81\" src=\"https:\/\/campoelcortijo.com\/wp-content\/uploads\/2024\/02\/Logo-2023-sombra-300x81.png\" alt=\"\" class=\"wp-image-138\" style=\"width:404px\" srcset=\"https:\/\/campoelcortijo.com\/wp-content\/uploads\/2024\/02\/Logo-2023-sombra-300x81.png 300w, https:\/\/campoelcortijo.com\/wp-content\/uploads\/2024\/02\/Logo-2023-sombra-600x162.png 600w, https:\/\/campoelcortijo.com\/wp-content\/uploads\/2024\/02\/Logo-2023-sombra-1024x277.png 1024w, https:\/\/campoelcortijo.com\/wp-content\/uploads\/2024\/02\/Logo-2023-sombra-768x207.png 768w, https:\/\/campoelcortijo.com\/wp-content\/uploads\/2024\/02\/Logo-2023-sombra-1536x415.png 1536w, https:\/\/campoelcortijo.com\/wp-content\/uploads\/2024\/02\/Logo-2023-sombra-2048x553.png 2048w, https:\/\/campoelcortijo.com\/wp-content\/uploads\/2024\/02\/Logo-2023-sombra-800x216.png 800w, https:\/\/campoelcortijo.com\/wp-content\/uploads\/2024\/02\/Logo-2023-sombra-550x149.png 550w\" sizes=\"(max-width: 300px) 100vw, 300px\" \/><\/figure>\n<\/div><\/div><\/div>\n","protected":false},"excerpt":{"rendered":"<p>\u00a1Hablemos y hagamos magia juntos! \u00bfTienes en mente un evento incre\u00edble? \u00bfTienes una pregunta, duda, sugerencia?&nbsp; \u00a1Queremos escucharte! Cu\u00e9ntanos tus ideas y d\u00e9janos ser c\u00f3mplices de tu evento para ponernos manos a la obra y convertirlas en realidad. \u00a0\u00a1Escr\u00edbenos a info@campoelcortijo.com o llamanos al 610 31 48 01 y nos pondremos en contacto contigo lo antes posible! O si lo prefieres, encu\u00e9ntranos aqu\u00ed: Horario de atenci\u00f3n Cada evento es \u00fanico, por eso adaptamos nuestro horario a tus necesidades. \u00a1Llueva, nieve, Navidad o cualquier festividad, SIEMPRE estamos abiertos!<\/p>\n","protected":false},"author":1,"featured_media":141,"parent":0,"menu_order":0,"comment_status":"closed","ping_status":"closed","template":"","meta":{"om_disable_all_campaigns":false,"_uf_show_specific_survey":0,"_uf_disable_surveys":false,"footnotes":""},"class_list":["post-60","page","type-page","status-publish","has-post-thumbnail","hentry"],"aioseo_notices":[],"_links":{"self":[{"href":"https:\/\/campoelcortijo.com\/index.php\/wp-json\/wp\/v2\/pages\/60","targetHints":{"allow":["GET"]}}],"collection":[{"href":"https:\/\/campoelcortijo.com\/index.php\/wp-json\/wp\/v2\/pages"}],"about":[{"href":"https:\/\/campoelcortijo.com\/index.php\/wp-json\/wp\/v2\/types\/page"}],"author":[{"embeddable":true,"href":"https:\/\/campoelcortijo.com\/index.php\/wp-json\/wp\/v2\/users\/1"}],"replies":[{"embeddable":true,"href":"https:\/\/campoelcortijo.com\/index.php\/wp-json\/wp\/v2\/comments?post=60"}],"version-history":[{"count":13,"href":"https:\/\/campoelcortijo.com\/index.php\/wp-json\/wp\/v2\/pages\/60\/revisions"}],"predecessor-version":[{"id":2929,"href":"https:\/\/campoelcortijo.com\/index.php\/wp-json\/wp\/v2\/pages\/60\/revisions\/2929"}],"wp:featuredmedia":[{"embeddable":true,"href":"https:\/\/campoelcortijo.com\/index.php\/wp-json\/wp\/v2\/media\/141"}],"wp:attachment":[{"href":"https:\/\/campoelcortijo.com\/index.php\/wp-json\/wp\/v2\/media?parent=60"}],"curies":[{"name":"wp","href":"https:\/\/api.w.org\/{rel}","templated":true}]}}